{"id":2,"date":"2023-01-31T20:54:54","date_gmt":"2023-01-31T19:54:54","guid":{"rendered":"https:\/\/erikimhoff.online\/?page_id=2"},"modified":"2024-03-07T16:06:23","modified_gmt":"2024-03-07T15:06:23","slug":"przykladowa-strona","status":"publish","type":"page","link":"https:\/\/erikimhoff.online\/index.php\/przykladowa-strona\/","title":{"rendered":"Ja w Polsce &#8211; blog"},"content":{"rendered":"\n<p class=\"has-large-font-size\"><strong>Me in Poland<\/strong><\/p>\n\n\n<div class=\"wp-block-image\">\n<figure class=\"alignleft size-large is-resized\"><img loading=\"lazy\" decoding=\"async\" width=\"1024\" height=\"1024\" src=\"https:\/\/erikimhoff.online\/wp-content\/uploads\/2023\/02\/IMG_20221023_145052_828-1024x1024.webp\" alt=\"\" class=\"wp-image-35\" style=\"width:358px;height:auto\" srcset=\"https:\/\/erikimhoff.online\/wp-content\/uploads\/2023\/02\/IMG_20221023_145052_828-1024x1024.webp 1024w, https:\/\/erikimhoff.online\/wp-content\/uploads\/2023\/02\/IMG_20221023_145052_828-300x300.webp 300w, https:\/\/erikimhoff.online\/wp-content\/uploads\/2023\/02\/IMG_20221023_145052_828-150x150.webp 150w, https:\/\/erikimhoff.online\/wp-content\/uploads\/2023\/02\/IMG_20221023_145052_828-768x768.webp 768w, https:\/\/erikimhoff.online\/wp-content\/uploads\/2023\/02\/IMG_20221023_145052_828.webp 1080w\" sizes=\"auto, (max-width: 1024px) 100vw, 1024px\" \/><\/figure>\n<\/div>\n\n\n<p>Po raz pierwszy przyjecha\u0142em do Polski wiosn\u0105 2015 roku i natychmiast si\u0119 zakocha\u0142em. Wi\u0119kszo\u015b\u0107 czasu sp\u0119dzi\u0142em w Warszawie, ale odwiedzi\u0142em r\u00f3wnie\u017c Lublin, Krak\u00f3w, Gda\u0144sk i puste przestrzenie pomi\u0119dzy nimi. To co mnie uderzy\u0142o to zielone pi\u0119kno krajobraz\u00f3w, mieszanka architektury zmieniaj\u0105ca si\u0119 z regionu na region i z epoki na epok\u0119, a tak\u017ce jedzenie! Uwielbiam polskie jedzenie! I grzyby! Na sta\u0142e przeprowadzi\u0142em si\u0119 do Polski w listopadzie 2015 roku.<br><br>Ta strona stanowi\u0107 b\u0119dzie dla mnie miejsce, w kt\u00f3rym b\u0119d\u0119 opowiada\u0142 o swoich podr\u00f3\u017cach i \u017cyciu w Polsce. Zapraszam do zagl\u0105dania tutaj od czasu do czasu.<\/p>\n\n\n\n<p>I moved to Poland in November of 2015. I had visited in the spring of that year for about 4 weeks, and immediately fell in love. Mainly staying in Warsaw, I also visited Lublin, Krakow, Gdansk, and the empty spaces between. What struck me was the green beauty of the landscapes, the mix of architecture from region to region, and era to era, and the food! I love Polish food! And the mushrooms!<\/p>\n\n\n\n<p>This page will be a place for me to talk more about my travels and life here. I welcome you to check in from time-to-time.<\/p>\n\n\n\n<figure class=\"wp-block-embed is-type-wp-embed is-provider-english-with-erik wp-block-embed-english-with-erik\"><div class=\"wp-block-embed__wrapper\">\n<blockquote class=\"wp-embedded-content\" data-secret=\"AjRfIJRmAY\"><a href=\"https:\/\/erikimhoff.online\/index.php\/2024\/03\/07\/changes\/\">Changes<\/a><\/blockquote><iframe loading=\"lazy\" class=\"wp-embedded-content\" sandbox=\"allow-scripts\" security=\"restricted\" style=\"position: absolute; clip: rect(1px, 1px, 1px, 1px);\" title=\"&#8220;Changes&#8221; &#8212; English with Erik\" src=\"https:\/\/erikimhoff.online\/index.php\/2024\/03\/07\/changes\/embed\/#?secret=F1jJRlUbdJ#?secret=AjRfIJRmAY\" data-secret=\"AjRfIJRmAY\" width=\"600\" height=\"338\" frameborder=\"0\" marginwidth=\"0\" marginheight=\"0\" scrolling=\"no\"><\/iframe>\n<\/div><\/figure>\n\n\n\n<figure class=\"wp-block-embed is-type-wp-embed is-provider-english-with-erik wp-block-embed-english-with-erik\"><div class=\"wp-block-embed__wrapper\">\n<blockquote class=\"wp-embedded-content\" data-secret=\"LIdAwNqqk3\"><a href=\"https:\/\/erikimhoff.online\/index.php\/2024\/02\/06\/friends\/\">Friends<\/a><\/blockquote><iframe loading=\"lazy\" class=\"wp-embedded-content\" sandbox=\"allow-scripts\" security=\"restricted\" style=\"position: absolute; clip: rect(1px, 1px, 1px, 1px);\" title=\"&#8220;Friends&#8221; &#8212; English with Erik\" src=\"https:\/\/erikimhoff.online\/index.php\/2024\/02\/06\/friends\/embed\/#?secret=ixxnOAtYsZ#?secret=LIdAwNqqk3\" data-secret=\"LIdAwNqqk3\" width=\"600\" height=\"338\" frameborder=\"0\" marginwidth=\"0\" marginheight=\"0\" scrolling=\"no\"><\/iframe>\n<\/div><\/figure>\n\n\n\n<figure class=\"wp-block-embed is-type-wp-embed is-provider-english-with-erik wp-block-embed-english-with-erik\"><div class=\"wp-block-embed__wrapper\">\n<blockquote class=\"wp-embedded-content\" data-secret=\"iccQMtQgOB\"><a href=\"https:\/\/erikimhoff.online\/index.php\/2023\/07\/30\/polish-american-summer\/\">Polish\/American Summer<\/a><\/blockquote><iframe loading=\"lazy\" class=\"wp-embedded-content\" sandbox=\"allow-scripts\" security=\"restricted\" style=\"position: absolute; clip: rect(1px, 1px, 1px, 1px);\" title=\"&#8220;Polish\/American Summer&#8221; &#8212; English with Erik\" src=\"https:\/\/erikimhoff.online\/index.php\/2023\/07\/30\/polish-american-summer\/embed\/#?secret=O1dwiOX8Q1#?secret=iccQMtQgOB\" data-secret=\"iccQMtQgOB\" width=\"600\" height=\"338\" frameborder=\"0\" marginwidth=\"0\" marginheight=\"0\" scrolling=\"no\"><\/iframe>\n<\/div><\/figure>\n\n\n\n<figure class=\"wp-block-embed is-type-wp-embed is-provider-english-with-erik wp-block-embed-english-with-erik\"><div class=\"wp-block-embed__wrapper\">\n<blockquote class=\"wp-embedded-content\" data-secret=\"AXTsQ5LHrZ\"><a href=\"https:\/\/erikimhoff.online\/index.php\/2023\/07\/30\/march-31-2023\/\">American in Poland<\/a><\/blockquote><iframe loading=\"lazy\" class=\"wp-embedded-content\" sandbox=\"allow-scripts\" security=\"restricted\" style=\"position: absolute; clip: rect(1px, 1px, 1px, 1px);\" title=\"&#8220;American in Poland&#8221; &#8212; English with Erik\" src=\"https:\/\/erikimhoff.online\/index.php\/2023\/07\/30\/march-31-2023\/embed\/#?secret=r0XO7DqEgg#?secret=AXTsQ5LHrZ\" data-secret=\"AXTsQ5LHrZ\" width=\"600\" height=\"338\" frameborder=\"0\" marginwidth=\"0\" marginheight=\"0\" scrolling=\"no\"><\/iframe>\n<\/div><\/figure>\n\n\n\n<p><\/p>\n","protected":false},"excerpt":{"rendered":"<p>Me in Poland Po raz pierwszy przyjecha\u0142em do Polski wiosn\u0105 2015 roku i natychmiast si\u0119 zakocha\u0142em. Wi\u0119kszo\u015b\u0107 czasu sp\u0119dzi\u0142em w Warszawie, ale odwiedzi\u0142em r\u00f3wnie\u017c Lublin, Krak\u00f3w, Gda\u0144sk i puste przestrzenie pomi\u0119dzy nimi. To co mnie uderzy\u0142o to zielone pi\u0119kno krajobraz\u00f3w, mieszanka architektury zmieniaj\u0105ca si\u0119 z regionu na region i z epoki na epok\u0119, a tak\u017ce&hellip; <a class=\"more-link\" href=\"https:\/\/erikimhoff.online\/index.php\/przykladowa-strona\/\">Continue reading <span class=\"screen-reader-text\">Ja w Polsce &#8211; blog<\/span><\/a><\/p>\n","protected":false},"author":1,"featured_media":0,"parent":0,"menu_order":0,"comment_status":"closed","ping_status":"open","template":"","meta":{"footnotes":""},"class_list":["post-2","page","type-page","status-publish","hentry","entry"],"_links":{"self":[{"href":"https:\/\/erikimhoff.online\/index.php\/wp-json\/wp\/v2\/pages\/2","targetHints":{"allow":["GET"]}}],"collection":[{"href":"https:\/\/erikimhoff.online\/index.php\/wp-json\/wp\/v2\/pages"}],"about":[{"href":"https:\/\/erikimhoff.online\/index.php\/wp-json\/wp\/v2\/types\/page"}],"author":[{"embeddable":true,"href":"https:\/\/erikimhoff.online\/index.php\/wp-json\/wp\/v2\/users\/1"}],"replies":[{"embeddable":true,"href":"https:\/\/erikimhoff.online\/index.php\/wp-json\/wp\/v2\/comments?post=2"}],"version-history":[{"count":20,"href":"https:\/\/erikimhoff.online\/index.php\/wp-json\/wp\/v2\/pages\/2\/revisions"}],"predecessor-version":[{"id":172,"href":"https:\/\/erikimhoff.online\/index.php\/wp-json\/wp\/v2\/pages\/2\/revisions\/172"}],"wp:attachment":[{"href":"https:\/\/erikimhoff.online\/index.php\/wp-json\/wp\/v2\/media?parent=2"}],"curies":[{"name":"wp","href":"https:\/\/api.w.org\/{rel}","templated":true}]}}